prime factors of 15498620.
2, 5, 774931
List the prime factors of 4282414.
2, 1069, 2003
What are the prime factors of 9584879?
9584879
What are the prime factors of 15158963?
15158963
List the prime factors of 6227293.
107, 58199
List the prime factors of 217391.
149, 1459
List the prime factors of 2259227.
97, 23291
List the prime factors of 472237.
73, 6469
List the prime factors of 562174.
2, 103, 2729
List the prime factors of 10018090.
2, 5, 1001809
List the prime factors of 11062379.
23, 179, 2687
List the prime factors of 93637.
93637
What are the prime factors of 2678586?
2, 3, 31, 14401
List the prime factors of 356175.
3, 5, 1583
What are the prime factors of 79157?
13, 6089
What are the prime factors of 1362923?
61, 22343
List the prime factors of 5490008.
2, 23, 29837
List the prime factors of 329974.
2, 164987
What are the prime factors of 132374?
2, 11, 547
List the prime factors of 8760653.
11, 19, 167, 251
List the prime factors of 16493713.
16493713
What are the prime factors of 2666439?
3, 10973
List the prime factors of 645924.
2, 3, 19, 2833
List the prime factors of 594957.
3, 11, 149
List the prime factors of 3922891.
7, 11437
List the prime factors of 932245.
5, 47, 3967
What are the prime factors of 1093002?
2, 3, 182167
What are the prime factors of 14695330?
2, 5, 13, 113041
What are the prime factors of 5774483?
11, 13, 3671
List the prime factors of 227435.
5, 13, 3499
List the prime factors of 562797.
3, 62533
List the prime factors of 26141946.
2, 3, 4356991
List the prime factors of 2971610.
2, 5, 297161
List the prime factors of 124749.
3, 83, 167
What are the prime factors of 17198157?
3, 61, 93979
What are the prime factors of 3780477?
3, 17, 24709
What are the prime factors of 420522?
2, 3, 109, 643
What are the prime factors of 1376537?
191, 7207
What are the prime factors of 38056?
2, 67, 71
What are the prime factors of 332351?
31, 71, 151
List the prime factors of 28403.
28403
List the prime factors of 1165210.
2, 5, 109, 1069
List the prime factors of 11555128.
2, 13, 137, 811
List the prime factors of 18052254.
2, 3, 11, 30391
List the prime factors of 376791.
3, 125597
List the prime factors of 427865.
5, 83, 1031
List the prime factors of 93902.
2, 29, 1619
What are the prime factors of 154169?
23, 6703
What are the prime factors of 434790?
2, 3, 5, 4831
What are the prime factors of 5823593?
397, 14669
List the prime factors of 943612.
2, 53, 4451
What are the prime factors of 240106?
2, 271, 443
What are the prime factors of 97720?
2, 5, 7, 349
List the prime factors of 5855133.
3, 23, 84857
What are the prime factors of 206319?
3, 97, 709
List the prime factors of 227772.
2, 3, 19, 37
List the prime factors of 30455895.
3, 5, 2030393
List the prime factors of 575586.
2, 3, 11, 17, 19
List the prime factors of 244951.
7, 4999
What are the prime factors of 6224114?
2, 13, 239389
What are the prime factors of 558017?
558017
What are the prime factors of 17828418?
2, 3, 139, 21377
What are the prime factors of 3950802?
2, 3, 23, 3181
List the prime factors of 1773658.
2, 59, 15031
List the prime factors of 39582225.
3, 5, 19, 47, 197
List the prime factors of 317109.
3, 13, 47, 173
List the prime factors of 26627152.
2, 1087, 1531
List the prime factors of 1313163.
3, 59, 2473
What are the prime factors of 2430754?
2, 73, 16649
List the prime factors of 207073.
207073
List the prime factors of 285610.
2, 5, 13
What are the prime factors of 155761?
109, 1429
What are the prime factors of 2124001?
11, 353, 547
List the prime factors of 30065.
5, 7, 859
List the prime factors of 2531733.
3, 843911
List the prime factors of 18141415.
5, 109, 33287
List the prime factors of 14397870.
2, 3, 5, 149, 3221
List the prime factors of 298930.
2, 5, 167, 179
What are the prime factors of 350753?
13, 26981
What are the prime factors of 699936?
2, 3, 23, 317
List the prime factors of 594664.
2, 7, 37, 41
What are the prime factors of 30188451?
3, 31, 43, 7549
List the prime factors of 984620.
2, 5, 7, 13, 541
List the prime factors of 2521476.
2, 3, 37, 631
List the prime factors of 515721.
3, 103, 1669
List the prime factors of 2356924.
2, 589231
List the prime factors of 1142409.
3, 380803
List the prime factors of 1534034.
2, 767017
List the prime factors of 668704.
2, 20897
What are the prime factors of 566692?
2, 7, 37, 547
What are the prime factors of 1057410?
2, 3, 5, 31, 379
List the prime factors of 1780645.
5, 356129
List the prime factors of 514127.
514127
What are the prime factors of 769316?
2, 89, 2161
What are the prime factors of 294089?
29, 10141
What are the prime factors of 6642117?
3, 421, 1753
What are the prime factors of 332169?
3, 263, 421
What are the prime factors of 3256489?
47, 193, 359
What are the prime factors of 7212040?
2, 5, 11, 37, 443
List the prime factors of 187259.
199, 941
List the prime factors of 478413.
3, 13, 29, 47
List the prime factors of 8154462.
2, 3, 1359077
What are the prime factors of 823297?
139, 5923
What are the prime factors of 7783380?
2, 3, 5, 11, 3931
List the prime factors of 29141306.
2, 14570653
List the prime factors of 779887.
779887
What are the prime factors of 1455169?
311, 4679
List the prime factors of 5418988.
2, 17, 79691
What are the prime factors of 30829463?
7, 257, 17137
What are the prime factors of 311856?
2, 3, 73, 89
What are the prime factors of 1678011?
3, 23, 83, 293
What are the prime factors of 222777?
3, 37, 223
List the prime factors of 363791.
23, 15817
List the prime factors of 3508746.
2, 3, 584791
What are the prime factors of 6538263?
3, 181, 12041
List the prime factors of 636194.
2, 13, 24469
List the prime factors of 94727.
94727
What are the prime factors of 849344?
2, 23, 577
List the prime factors of 23595515.
5, 227, 20789
What are the prime factors of 1953699?
3, 11, 73, 811
What are the prime factors of 1741800?
2, 3, 5, 2903
What are the prime factors of 8608614?
2, 3, 7, 47, 89
What are the prime factors of 2065204?
2, 43, 12007
List the prime factors of 1195237.
1195237
List the prime factors of 280634.
2, 140317
What are the prime factors of 3831237?
3, 149, 2857
List the prime factors of 374993.
374993
What are the prime factors of 1262343?
3, 420781
List the prime factors of 3567857.
281, 12697
List the prime factors of 1964761.
41, 173, 277
What are the prime factors of 3244546?
2, 1622273
What are the prime factors of 381782?
2, 190891
What are the prime factors of 43633?
43633
List the prime factors of 1425078.
2, 3, 41, 1931
What are the prime factors of 3877463?
19, 89, 2293
List the prime factors of 202831.
43, 53, 89
List the prime factors of 33913851.
3, 11304617
List the prime factors of 213526.
2, 241, 443
List the prime factors of 43756.
2, 10939
List the prime factors of 3765121.
73, 51577
What are the prime factors of 1900555?
5, 41, 73, 127
What are the prime factors of 933359?
7, 133337
List the prime factors of 735395.
5, 19, 7741
List the prime factors of 25094871.
3, 271, 10289
List the prime factors of 43277.
13, 3329
List the prime factors of 4115717.
17, 242101
What are the prime factors of 863860?
2, 5, 47, 919
List the prime factors of 143930.
2, 5, 37, 389
List the prime factors of 914081.
7, 67, 1949
What are the prime factors of 1797049?
1797049
List the prime factors of 615510.
2, 3, 5, 7, 977
List the prime factors of 1065552.
2, 3, 79, 281
What are the prime factors of 311022?
2, 3, 37, 467
List the prime factors of 246893.
149, 1657
List the prime factors of 262544.
2, 61, 269
List the prime factors of 496114.
2, 248057
What are the prime factors of 30272162?
2, 15136081
List the prime factors of 342286.
2, 7, 23, 1063
What are the prime factors of 3211851?
3, 83, 12899
List the prime factors of 8591422.
2, 7, 613673
List the prime factors of 133547.
83, 1609
What are the prime factors of 33322002?
2, 3, 7, 461, 1721
What are the prime factors of 769969?
463, 1663
What are the prime factors of 1256818?
2, 59, 10651
What are the prime factors of 13248058?
2, 2447, 2707
What are the prime factors of 751711?
751711
What are the prime factors of 340803?
3, 19, 1993
List the prime factors of 73053.
3, 8117
List the prime factors of 11063035.
5, 19, 101, 1153
What are the prime fac